 -4*n + 258 = o*n. What is the remainder when n is divided by 11?
10
Suppose 2*q - 5*b = 120, 5*q + 99 - 433 = 4*b. Calculate the remainder when q is divided by 7.
0
Suppose 8 = q - 5*q, -4*n + 16 = -2*q. Suppose -1 = m - y + 1, n*m + 3*y = 12. What is the remainder when (5/(-10))/(m/(-74)) is divided by 20?
17
Suppose 54*r - 5*q + 435 = 57*r, 4*q + 12 = 0. What is the remainder when r is divided by 19?
17
Let d = 48 + -43. Suppose -5*b = -3*y + 43, -10*y + d*y + 4*b + 76 = 0. Let u = 106 - 60. Calculate the remainder when u is divided by y.
14
Let x(c) = 3*c - 28. Let z be (-10 - 5)*12/(-15). What is the remainder when 27 is divided by x(z)?
3
Let b(v) be the third derivative of v**6/120 + 7*v**5/60 + 7*v**4/24 + 3*v**3/2 - 5*v**2. What is the remainder when 10 is divided by b(-6)?
1
Let g(f) = 3*f + 7. Let t = -22 + 28. What is the remainder when 72 is divided by g(t)?
22
Let h(y) = -7*y - 3 - 1 - 3 + 2. Let b be h(-5). Suppose 0 = -4*z - 12, 0 = -3*q - 5*z + 2*z + b. Calculate the remainder when q is divided by 8.
5
Suppose -3*q + 4*q + 21 = -4*a, 4*a + 11 = q. Let x(y) = -2*y + 5. Calculate the remainder when x(a) is divided by 5.
3
Let o(k) = 19*k - 1. Suppose 2*s - 198 = 3*u, -2*u + 380 = s + 3*s. Let a = s + -45. Calculate the remainder when a is divided by o(1).
15
Let x be 37/(-3) + (-2)/3. Let n = x - -29. Let s(r) = 6*r - 16. What is the remainder when s(13) is divided by n?
14
Let r = -410 + 460. What is the remainder when r is divided by 48?
2
Suppose -f - 2*c = -35, 0 = -4*f - c + 4*c + 107. Let v(b) = 2*b**3 + 14*b**2 - 2*b - 8. Calculate the remainder when f is divided by v(-7).
5
Suppose -1 = -5*g + 44. Suppose g*f + 308 = 4*q + 6*f, 2*q - 154 = 5*f. Calculate the remainder when q is divided by 26.
25
Suppose 161 = 61*b - 54*b. Calculate the remainder when 293 is divided by b.
17
Let s be 1599/15 - (-6)/(-10). Suppose -5*y + 94 = 5*q - 6, 3*q - s = -5*y. Let i = -37 + 45. What is the remainder when y is divided by i?
7
Let a = -2 - -2. Suppose a = -o + 4*o - 72. Let q(l) = -10*l + 19. Calculate the remainder when o is divided by q(1).
6
Let o = 299 + 128. Calculate the remainder when o is divided by 110.
97
Suppose -5*k = -122 - 168. What is the remainder when k is divided by 16?
10
Calculate the remainder when (-6)/(-18) + (-1967)/(-21) is divided by 12.
10
Let i be (6/5)/(24/10 - 2). Suppose 2*p - 36 + 8 = -i*r, 3*r + 74 = 4*p. Let q(h) = 17*h**2 + h - 1. What is the remainder when q(-2) is divided by p?
14
Let j be (12/15)/((-3)/(-15)). Let a(z) = 3*z - 9. Let c be a(j). Suppose 0 = -c*u + 2*u + 3. What is the remainder when 3 is divided by u?
0
Let m(n) = -n - n**2 - 16*n**3 - 9*n**3 + 3*n**3. Suppose -d - w = 5, -2*w + 1 - 7 = -2*d. What is the remainder when m(d) is divided by 12?
10
Let q(f) = f**2 - 4*f - 10. Suppose 0 = y - 2 + 6. What is the remainder when q(y) is divided by 9?
4
Let w(j) = 2*j + 8. Suppose -48*s = -46*s - 22. Calculate the remainder when w(6) is divided by s.
9
Suppose 0*s - 3*s - 4*k = -2121, 0 = 2*s - 2*k - 1414. Suppose 3*r + s = 10*r. Calculate the remainder when r is divided by 34.
33
Suppose 2*m - 5*z = -0*m + 87, 0 = -5*m - 3*z + 140. Let q(n) = -n**3 - 8*n**2 + 11. What is the remainder when m is divided by q(-8)?
9
Let d(w) = w**3 + 7*w**2 - 18*w - 3. Let q be d(-9). Let k(y) = y + 4. What is the remainder when 6 is divided by k(q)?
0
Suppose -5*j - 103 = -118. Suppose -l + 0*k + 29 = j*k, 2*l - 38 = -2*k. What is the remainder when 54 is divided by l?
12
Suppose 0 = -4*n + 2*n + 20. Let a be (-2)/n - (-84)/20. Suppose -100 = -a*s + 24. What is the remainder when s is divided by 16?
15
Suppose -v + 2*v = 5. Suppose 0*t = v*t - 160. Calculate the remainder when t is divided by 11.
10
Let w = 44 - 81. Let n = 54 + w. Suppose 0 = 6*d - 11*d + 30. What is the remainder when n is divided by d?
5
Suppose o - 85 = -y + 20, -4*y + 3*o = -406. Calculate the remainder when y is divided by 52.
51
Let t be 0 + 7 + (-1 - 2). Let y be t*-2*(-3)/4. Suppose -3*h - 3*z = -291, -y*z + 203 = 2*h - z. Calculate the remainder when h is divided by 24.
22
Calculate the remainder when 21 is divided by (-1)/(17/(-2)) - 735/(-255).
0
Let g(c) = -c**3 - 3*c**2 - 5*c - 4. Calculate the remainder when 15 + (-203)/(-56) + (-6)/(-16) is divided by g(-3).
8
Suppose y - 4*x = -6*x + 3, -y = -4*x - 9. Let s be 5*2*12/(-40) - 5. What is the remainder when 41 is divided by 53/y + s/(-20)?
8
Let k be 480/78 - 2/13. Suppose 2*q - k*q + 16 = 0. Let j(t) = -t**3 + 6*t**2 - t - 5. Calculate the remainder when 45 is divided by j(q).
22
Suppose -21 = -5*j - q, 4*q + 17 = 5*j - 24. Suppose 0*n - j*n = -130. Calculate the remainder when n is divided by 3 - 1 - 49/(-7).
8
Suppose -2*q - 4*f + 222 = 0, f + 301 = 3*q - f. Let t = 658 + -623. Calculate the remainder when q is divided by t.
33
Suppose 4*k - 8 = 0, 0 = 5*q - 8*q + 2*k + 32. Calculate the remainder when 286 is divided by q.
10
Let r = 5 - 15. Let q = 10 + r. Suppose -4*a + 36 + 16 = q. Calculate the remainder when 37 is divided by a.
11
Suppose 5*g = -2*d + 141 - 28, 5*g = 3*d - 107. Calculate the remainder when 181 is divided by d.
5
Let t be (3 + -11 + 6)/(4/38). Let u = t - -26. What is the remainder when 96 is divided by u?
5
Let o be (7 + -4)/3 + 3. Suppose 3*q = -n + 60, -o*q + 0*n = 5*n - 80. Calculate the remainder when 38 is divided by q.
18
What is the remainder when 2/6*-15 + 92 is divided by 5?
2
Suppose 0 = -2*d - 10 + 26. What is the remainder when 29 is divided by (-4)/(48/(-3)) - (-126)/d?
13
Let n(w) = -23*w + 197. Calculate the remainder when 283 is divided by n(6).
47
Suppose -r - 155 = -201. Calculate the remainder when 779 is divided by r.
43
Let f(s) = 12*s**2 + s - 1. Let n(c) = 3*c**2 - 3*c + 1. Let g be n(1). What is the remainder when g*7*(-1 - -6 - 2) is divided by f(1)?
9
Calculate the remainder when 234 is divided by 3 - (-59 - (-6 - -9)).
39
Let p = -107 - -177. Calculate the remainder when 193 is divided by p.
53
Let v = -155 + 337. Calculate the remainder when v is divided by 5.
2
Suppose -14 - 28 = -2*p. Let j = 300 + -291. Calculate the remainder when p is divided by j.
3
Let g(b) = -80*b + 1. Let a(w) = 10*w + 1. Let f(z) = -9*z. Let c(o) = -7*a(o) - 6*f(o). What is the remainder when g(-2) is divided by c(-3)?
38
Let t(x) = 2*x**2 + x - 3. Let p be t(3). Suppose 4*i + d + 9 = 2*i, d = -3. What is the remainder when 21 is divided by 150/p - (-1)/i?
5
Suppose 0 = -2*c + 5*v - 31, 0 = v - 3 + 2. Let b(d) = d**3 + 13*d**2 - 4*d + 2. What is the remainder when b(c) is divided by 8?
6
Let c(u) = u**2 + 3*u + 22. Calculate the remainder when c(-10) is divided by 12.
8
Let k(c) = c**3 - 18*c**2 - 16*c - 6. Let y(z) = -z + 9. Let x be y(-11). Let v = 7 + x. What is the remainder when k(19) is divided by v?
24
Let c be 32/12*18/12. Suppose b + 625 = 5*r - c*b, b = 4. Calculate the remainder when r is divided by 45.
39
Suppose 66*f - 782 = 43*f. What is the remainder when 114 is divided by f?
12
Suppose 99*y + 15 = 100*y. What is the remainder when 57 is divided by y?
12
Calculate the remainder when 36 + 2/(2/(-1)) is divided by ((-18)/(-4))/((-7)/(-14)).
8
Suppose -16*t + 294 = -2*t. Let a(q) = q**3 + 8*q**2 + 6*q - 10. Let c be a(-7). Let f = 9 + c. Calculate the remainder when t is divided by f.
3
Suppose -5*q + 0*q = -10. Suppose -q*c - 4*g + 4 = 0, g = -4*c - 16 + 52. What is the remainder when 39 is divided by c?
9
Let v = -98 + 101. Suppose -4*q - 5*s + 35 = 0, 2*q - 2*s = -v*s + 19. Suppose 13 - 153 = -5*t. Calculate the remainder when t is divided by q.
8
Let s(d) = d**3 + 8*d**2 - 8*d + 9. Let o be s(-9). Suppose t = -o*t + 8. Calculate the remainder when t is divided by 0 - (-3 - (4 + -2)).
3
Let z(b) = b**3 + 9*b**2 - 3*b - 15. Let i be z(-9). Suppose -5*q + 34 = 4*r, i = r + q + 4. Calculate the remainder when 28 is divided by r.
4
Let i(t) = -3*t**3 + t**2 - t + 211. Calculate the remainder when i(0) is divided by 178.
33
Let q = -579 + 633. What is the remainder when q is divided by 20?
14
Suppose 3*q = 2*d - 411, -4*d + 3*q + 0*q + 807 = 0. Calculate the remainder when 37 is divided by (-2)/10 + d/15.
11
Let l = 30 + -17. Let r = 13 + -12. What is the remainder when r/(20/8)*95 is divided by l?
12
Suppose 5*l + 2*g = 85 + 1, l - 